25 and t.
25
Suppose 2*a + 4 = -2, 5*i + a - 1192 = 0. Suppose i = 2*y - l + 2*l, 25 = -5*l. Suppose -3*x = -y - 76. What is the greatest common divisor of x and 6?
6
Let j be 29 + (3 + -17 - 3). Calculate the greatest common divisor of j and 66.
6
Suppose 20*r - 23*r - 424 = -2*m, 2*m = r + 416. What is the highest common divisor of 4429 and m?
103
Let r(k) = -35*k + 1192. Let u be r(19). Calculate the greatest common factor of 34 and u.
17
Suppose 42*n - 43*n + 4 = 0. Suppose 92 = n*v + 2*h, 75*h = -2*v + 77*h + 52. Let a be 31 + (-1 - (-1 + -1)). Calculate the greatest common divisor of a and v.
8
Suppose 2*u - 80 = -4*a, 354*u - 10 = 351*u + 4*a. Let w be (2/4 - 1)*-108. What is the highest common factor of u and w?
18
Let r = -93 + 205. Let u(x) = 2*x**2 + 6*x - 28. Let m be u(-7). Calculate the highest common factor of m and r.
28
Let i be (4/(-10))/((-2)/810). Let n be 7446/3 + 3 + -2. Suppose -2480*q - 54 = -n*q. Calculate the highest common divisor of i and q.
18
Let l(c) = 3*c**2 - 365*c + 474. Let a be l(121). Suppose t = -3*z + 2*t + 24, 32 = 4*z + t. Calculate the highest common divisor of z and a.
8
Let b(u) = -9*u + 109. Let f be b(10). Let j = 73 - f. Calculate the greatest common factor of j and 486.
54
Let g(z) = -2*z**3 - 23*z**2 + 6*z + 21. Let k be g(-12). Suppose k + 57 = 5*y. Let c be (-61 + 1)/(2/(-8)). Calculate the highest common divisor of y and c.
30
Let k(m) = -73*m**3 - 5*m**2 + 31*m + 73. Let c be k(-2). Calculate the highest common divisor of 4370 and c.
115
Let s be (1064/(-342))/((-4)/18). Suppose -66 = -3*a - 3*z, -4*a - 3*z + 104 = s. Calculate the greatest common divisor of 228 and a.
12
Suppose -c = -14*x + 12*x + 3, 0 = 4*x - 4*c. Suppose x*d + d = -z + 244, -4*d = -5*z + 1340. Calculate the greatest common divisor of 72 and z.
24
Suppose 0 = -3*s + a - 169 + 277, 2*a = -4*s + 134. Calculate the greatest common divisor of s and 791.
7
Suppose r = 2*v, 0 = -2*r - v - 4 - 11. Let d(u) = u**2 + 2*u + 46. Let f be d(r). Calculate the greatest common factor of 40 and f.
10
Suppose -27 = -r + 4*y + 35, -3*r = -2*y - 206. Let w(d) = 3*d - 3. Let t be w(2). Suppose -2*m + 70 = t*m. Calculate the highest common divisor of m and r.
14
Suppose 3*d = -2*h + 7840, 12*h = -2*d + 7*h + 5201. What is the greatest common factor of 176 and d?
22
Let u(z) = 199*z**3 - 22*z + 24. Let x be u(1). Calculate the greatest common factor of 1943 and x.
67
Let b be 35*(-2)/(-3)*-15*96/(-200). Calculate the greatest common factor of b and 5448.
24
Let k = -27 - -32. Suppose 4*i - 918 = -k*p, 3*p = 4*p + 4*i - 190. Let t be ((-6)/(-6))/((-39)/42 + 1). What is the greatest common factor of t and p?
14
Let r(x) = -x**3 - 6*x**2 - 4*x - 7. Let o be r(-8). Suppose o - 13 = 5*t. Let u = t + -21. What is the greatest common divisor of u and 7?
7
Let r(i) = -i**3 + 9*i**2 + 4*i - 84. Let v be r(6). What is the highest common factor of v and 1216?
16
Let h(k) = -2*k**3 - 9*k**2 - 6*k + 5. Let m be h(-4). Calculate the greatest common factor of 2977 and m.
13
Suppose 26*k + 15 = 21*k. Let r(m) = m**3 + 5*m**2 + 5*m + 6. Let p be r(k). Let x be ((-54)/21)/(p/(-168)). What is the greatest common factor of 6 and x?
6
Let l be (-8 + -1)*((-160)/(-30) + -7). Suppose -3300 = 3*h - l*h. What is the highest common factor of 110 and h?
55
Suppose -3*x + 10 = k, -3*x + 8*x = 5*k + 30. Suppose -5*b = -x*a + 2*a + 72, -5*b + 66 = a. Calculate the highest common factor of 115 and a.
23
Let c = 2344 - 745. What is the greatest common factor of 312 and c?
39
Suppose -3*t = 3*s - 2*t - 70, -3*s = 5*t - 62. Let v = 227 - 113. Let h = v - 78. What is the greatest common factor of h and s?
12
Let j = -298 + 568. What is the greatest common divisor of j and 54?
54
Let s(n) = n**3 - 7*n**2 - 2*n + 16. Let x be s(7). Suppose -2*k = -72 - x. Suppose 0 = -2*l + k + 103. What is the greatest common factor of 14 and l?
14
Let y(u) = u**2 + 93*u + 1976. Let l be y(-30). Calculate the highest common divisor of l and 50.
2
Let s(u) = u**3 + 182*u**2 - 3382*u + 318. Let d be s(-199). Let m(b) = b + 51. Let t be m(0). Calculate the highest common factor of d and t.
17
Suppose -26 = -r + 3*h, 3*r - h - 22 = 2*r. Let m(g) = -2*g**2 + 44*g - 50. Let b be m(r). What is the highest common divisor of 270 and b?
30
Suppose -9 + 1 = -4*w. Let d(t) = 4*t + 2 + 43*t**w - t**2 + 0. Let p be d(-1). What is the greatest common divisor of 8 and p?
8
Suppose 726 - 1269 + 7935 = 56*v. What is the highest common divisor of 1056 and v?
132
Suppose 2*s = -2*v + 758 - 180, 3*s = 9. Calculate the greatest common factor of 260 and v.
26
Suppose 11 = -2*p + 5*h, p = 3*h + 3 - 11. Suppose p*g = 4*g + 123. Let k = -1522 - -1891. Calculate the greatest common factor of g and k.
41
Let d(t) = 3*t**2 - 84*t + 4. Let u be d(28). Suppose -2*o - 1292 = -5*o + u*c, o - 389 = -7*c. Calculate the greatest common divisor of o and 159.
53
Let c(k) = k**3 + 18*k**2 - 4*k + 19. Let o(d) = 20*d + 2. Let j be o(-1). Let t be c(j). Calculate the highest common factor of t and 39.
13
Let i = -329 + 141. Let y = -174 - i. Calculate the greatest common divisor of y and 70.
14
Suppose -57 + 12 = 5*d. Let j be 2/(-18) - 0 - 145/d. What is the greatest common divisor of 16 and j?
16
Let q(h) = h**2 + 8 - 19*h + 0 + 30*h. Let v be q(-8). Let n be (v/48)/((-74)/72 - -1). What is the highest common factor of n and 54?
6
Suppose 2*t = -t. Suppose 60*x - 146370 = -59*x. Suppose g = t, -2*g + x = 4*s - 882. What is the highest common factor of s and 48?
48
Let j = 300 - 289. Suppose 4*p - 3*c = 8 + 5, -3*p + c = -11. Let n(f) = 2*f**3 - 4*f**2 + 2. Let y be n(p). What is the greatest common divisor of y and j?
11
Suppose -573 = -15*a - 138. Let n be (30/6 - 12) + a. Calculate the greatest common factor of n and 242.
22
Let n be 2*(0 + 2)/((-16)/(-20)). Suppose -n*i = 0, m - 4*i = -9*i + 9. Calculate the greatest common divisor of m and 45.
9
Suppose -50 = 2*j + 2*s, 0*j = 4*j - 3*s + 93. Let p be 14400/j*3/(-6). Calculate the highest common divisor of p and 180.
60
Let c = -165 - -255. Let j = 59886 - 59811. Calculate the highest common factor of c and j.
15
Suppose 9 + 0 = -4*k + n, -k + 5*n + 12 = 0. Let s be ((-9)/k)/(42/728). What is the highest common divisor of 572 and s?
52
Let k = -3684 + 3685. Let i be (-1 + 3)/(16/88). What is the highest common divisor of k and i?
1
Suppose 2*p - 7*k = 118, -60 = 174*p - 175*p + 4*k. Calculate the highest common divisor of p and 2522.
26
Let q(t) = 2*t + 2. Let i(b) = -12*b - 40. Let n(u) = i(u) + 12*q(u). Let l be n(6). Calculate the greatest common factor of 7 and l.
7
Let c be 10/4 + -3*(-8)/48. Let h be (-1 - -349)/c + 4. What is the highest common divisor of h and 150?
30
Suppose 0 = -40*c + 6*c + c + 1782. What is the highest common divisor of 1701 and c?
27
Let u be (-1448)/(-32) - (-143)/52. What is the greatest common divisor of 132 and u?
12
Let b(w) = w + 15. Let g be b(-7). Let s(j) = j**3 - 9*j**2 + 7*j - 63. Let k be s(11). What is the greatest common divisor of g and k?
8
Let w be (-10)/(4*(0 - 2)) + (-55)/(-20). Calculate the greatest common factor of 62 and w.
2
Suppose -5653 = -94*n - 1141. Calculate the greatest common divisor of 8776 and n.
8
Let o be 204/(-8)*9/((-27)/4). Calculate the highest common factor of o and 4250.
34
Let f be ((-1155)/(-28))/(60/17920). What is the highest common divisor of 64 and f?
32
Let c be (16/(-56))/(33/(-103950)). What is the greatest common factor of 1215 and c?
45
Let g(i) = i**3 - 5*i**2 + 4*i - 11. Let z be g(5). Let u = -5 + z. Let t be (26/(-39))/(u/(-126)). Calculate the greatest common divisor of t and 21.
21
Let s(u) = 13*u**2 - 106*u + 34. Let y be s(8). What is the highest common factor of 9 and y?
9
Let b = 164 - 96. Let s = b - 60. Suppose s*i = 13*i - 10. What is the greatest common divisor of i and 6?
2
Suppose 25*i - 14*i = 110. Let b be (-4 - 36)*(-5)/i. What is the greatest common factor of 32 and b?
4
Let f be (-2)/(-2*4/(-12)*(-54)/72). Let u = -36 - -56. What is the greatest common divisor of u and f?
4
Suppose 3*k - 4*p - 24 = 97, -2*p - 155 = -5*k. Let d = -1 - -2. Calculate the greatest common divisor of d and k.
1
Suppose -9*q + 4*q - 2 = 3*b, -3*b = q - 14. What is the highest common factor of 4146